{"id":114,"date":"2015-08-02T23:52:22","date_gmt":"2015-08-02T23:52:22","guid":{"rendered":"http:\/\/rogerbit.com\/wprb\/?page_id=114"},"modified":"2015-08-02T23:56:22","modified_gmt":"2015-08-02T23:56:22","slug":"inteligencia-artificial-el-avance-de-las-maquinas-que-piensan","status":"publish","type":"page","link":"https:\/\/rogerbit.com\/wprb\/inteligencia-artificial-el-avance-de-las-maquinas-que-piensan\/","title":{"rendered":"Inteligencia artificial: el avance de las m\u00e1quinas que piensan"},"content":{"rendered":"<h1 class=\"article-title\">Facebook llevar\u00e1 Internet a zonas remotas gracias a un dron<\/h1>\n<p><a class=\"article-photo photo _620x282 imagebox kalooga_10799\" style=\"margin: 0px 0px 10px; padding: 0px; border: 0px; outline: 0px; font-weight: normal; font-style: normal; font-size: 11px; font-family: Arial, sans-serif; vertical-align: baseline; color: #002e49; text-decoration: none; width: 620px; height: 282px; display: block; position: relative; font-variant: normal; letter-spacing: normal; line-height: 13px; orphans: auto; text-align: start; text-indent: 0px; text-transform: none; white-space: normal; widows: 1; word-spacing: 0px; -webkit-text-stroke-width: 0px;\" title=\"Facebook\" href=\"http:\/\/cdnusa.20m.es\/img2\/recortes\/2014\/11\/13\/25346-944-697.jpg\" target=\"_blank\" rel=\"imagenes\"><img loading=\"lazy\" title=\"Facebook\" src=\"http:\/\/cdnusa.20m.es\/img2\/recortes\/2014\/11\/13\/25346-620-282.jpg\" alt=\"Facebook\" width=\"620\" height=\"282\" \/><\/a><\/p>\n<ul>\n<li>Este dron gigante que puede volar a una altura de 27,5 kil\u00f3metros con el que busca llevar internet a \u00e1reas remotas del planeta.<\/li>\n<li>&#8220;Nuestra misi\u00f3n ha sido el encontrar formas para facilitar la conectividad a m\u00e1s de 4.000 millones de personas que todav\u00eda no est\u00e1n en l\u00ednea&#8221;.<\/li>\n<\/ul>\n<hr \/>\n<p>El veh\u00edculo a\u00e9reo no tripulado, al que Facebook ha dado el nombre de Aquila y que se alimenta con energ\u00eda solar, puede permanecer en el aire durante un periodo de hasta 90 d\u00edas. El proyecto forma parte de la iniciativa Internet.org, con la que Facebook quiere facilitar acceso a la web en los pa\u00edses en desarrollo. Facebook est\u00e1 trabajando en drones, en sat\u00e9lites, l\u00e1seres y tecnolog\u00eda terrestre &#8220;Desde que lanzamos internet.org nuestra misi\u00f3n ha sido el encontrar formas para facilitar la conectividad a m\u00e1s de 4.000 millones de personas que todav\u00eda no est\u00e1n en l\u00ednea&#8221;, afirm\u00f3 la compa\u00f1\u00eda en un comunicado. Facebook se\u00f1al\u00f3 que sus alianzas con operadores m\u00f3viles en 17 pa\u00edses durante el \u00faltimo a\u00f1o han facilitado el acceso al servicio de internet b\u00e1sico a m\u00e1s de 1.000 millones de personas. Para lograr su objetivo de llevar internet hasta el \u00faltimo rinc\u00f3n del planeta Facebook est\u00e1 trabajando, adem\u00e1s de en drones, en sat\u00e9lites, l\u00e1seres y tecnolog\u00eda terrestre. Los investigadores de Facebook anunciaron tambi\u00e9n que han descubierto una forma de utilizar l\u00e1seres para alcanzar velocidades de transmisi\u00f3n de datos diez veces mayores que los est\u00e1ndares actuales de la industria. Facebook ha estado trabajando en Aquila durante un a\u00f1o y ha utilizado la tecnolog\u00eda que adquiri\u00f3 cuando compr\u00f3 la compa\u00f1\u00eda de drones brit\u00e1nica Ascenta en el a\u00f1o 2014.<\/p>\n<p>Fuente:http:\/\/www.20minutos.com\/noticia\/25977\/0\/facebook\/dron\/internet-areas-remotas\/<\/p>\n<!-- AddThis Advanced Settings generic via filter on the_content --><!-- AddThis Share Buttons generic via filter on the_content -->","protected":false},"excerpt":{"rendered":"<p>Facebook llevar\u00e1 Internet a zonas remotas gracias a un dron Este dron gigante que puede volar a una altura de 27,5 kil\u00f3metros con el que busca llevar internet a \u00e1reas remotas del planeta. &#8220;Nuestra misi\u00f3n ha sido el encontrar formas para facilitar la conectividad a m\u00e1s de 4.000 millones de personas que todav\u00eda no est\u00e1n [&hellip;]<!-- AddThis Advanced Settings generic via filter on get_the_excerpt --><!-- AddThis Share Buttons generic via filter on get_the_excerpt --><\/p>\n","protected":false},"author":1,"featured_media":0,"parent":0,"menu_order":0,"comment_status":"open","ping_status":"open","template":"","meta":[],"_links":{"self":[{"href":"https:\/\/rogerbit.com\/wprb\/wp-json\/wp\/v2\/pages\/114"}],"collection":[{"href":"https:\/\/rogerbit.com\/wprb\/wp-json\/wp\/v2\/pages"}],"about":[{"href":"https:\/\/rogerbit.com\/wprb\/wp-json\/wp\/v2\/types\/page"}],"author":[{"embeddable":true,"href":"https:\/\/rogerbit.com\/wprb\/wp-json\/wp\/v2\/users\/1"}],"replies":[{"embeddable":true,"href":"https:\/\/rogerbit.com\/wprb\/wp-json\/wp\/v2\/comments?post=114"}],"version-history":[{"count":3,"href":"https:\/\/rogerbit.com\/wprb\/wp-json\/wp\/v2\/pages\/114\/revisions"}],"predecessor-version":[{"id":119,"href":"https:\/\/rogerbit.com\/wprb\/wp-json\/wp\/v2\/pages\/114\/revisions\/119"}],"wp:attachment":[{"href":"https:\/\/rogerbit.com\/wprb\/wp-json\/wp\/v2\/media?parent=114"}],"curies":[{"name":"wp","href":"https:\/\/api.w.org\/{rel}","templated":true}]}}